7b - -19?
-162
In base 7, what is -11 - -63205?
63164
In base 14, what is -718 - 5a?
-774
In base 7, what is 1355 - 1262?
63
In base 16, what is -2c65e + 4?
-2c65a
In base 6, what is -104 + -1235231?
-1235335
In base 8, what is 14 + -4050?
-4034
In base 11, what is -2994a36 + -5?
-2994a40
In base 7, what is 4 - 1630?
-1623
In base 16, what is -100d9 + -1?
-100da
In base 5, what is 1 + 2324420?
2324421
In base 11, what is -596 + -211?
-7a7
In base 10, what is 533 - 1349?
-816
In base 3, what is -21 - -210021012?
210020221
In base 13, what is -134 - 39?
-170
In base 2, what is 1111000001 - 1001001000?
101111001
In base 2, what is -1000111001100000010 + -10?
-1000111001100000100
In base 4, what is 212032 + -10?
212022
In base 3, what is -212101001 - 21?
-212101022
In base 10, what is -154 + -273?
-427
In base 6, what is -2233 - -40?
-2153
In base 13, what is 1 + 7462?
7463
In base 14, what is 1 - 268a8?
-268a7
In base 3, what is -20010201211202 + 1?
-20010201211201
In base 14, what is -2006 + 28?
-1dbc
In base 7, what is -2115420 + 0?
-2115420
In base 11, what is -8 + -25557?
-25564
In base 16, what is 1253 - -37?
128a
In base 6, what is -205 + -403?
-1012
In base 14, what is -5a3 - b15?
-12b8
In base 14, what is -4 + -36c0c?
-36c12
In base 2, what is 10101101101111000 + 0?
10101101101111000
In base 12, what is -7 - 127105?
-127110
In base 4, what is 232103131 - 2?
232103123
In base 10, what is 9671 + 10?
9681
In base 11, what is 146 - -2955?
2aa0
In base 14, what is 4692 + 162?
4814
In base 15, what is 82 - -22c2?
2354
In base 12, what is -7 - 653?
-65a
In base 10, what is 13 - 2288?
-2275
In base 12, what is 434802 - 4?
4347ba
In base 7, what is 3011 - 1552?
1126
In base 11, what is -12a8 + 28?
-1280
In base 14, what is 135c + 17?
1375
In base 11, what is 3 - 53322?
-5331a
In base 6, what is -233433333 + 0?
-233433333
In base 7, what is -23 + 425533?
425510
In base 7, what is -333125 - 1?
-333126
In base 13, what is 116 - 148?
-32
In base 8, what is -2434 - 430?
-3064
In base 10, what is -7 + 3233?
3226
In base 13, what is 92 + c8?
18a
In base 11, what is 0 - 38535a?
-38535a
In base 9, what is 3 - -187116?
187120
In base 6, what is 2 - -5452414?
5452420
In base 6, what is -4435 + -2?
-4441
In base 5, what is -221001 - 14?
-221020
In base 2, what is 100 + 101110101101001101001?
101110101101001101101
In base 10, what is 157 - 2418?
-2261
In base 15, what is b - -28c3?
28ce
In base 14, what is -1 - -7b6cb?
7b6ca
In base 14, what is 48 - 30?
18
In base 4, what is 100123 - 103022?
-2233
In base 8, what is 444712 + -11?
444701
In base 9, what is 2331 - 25?
2305
In base 6, what is -21012450 + -3?
-21012453
In base 10, what is 2 + -452514?
-452512
In base 12, what is -2 - -25240?
2523a
In base 16, what is 1 - 49eb?
-49ea
In base 4, what is 320103 - 30020?
230023
In base 8, what is -12516113 - 5?
-12516120
In base 14, what is -56 - -96?
40
In base 9, what is -16685 + -51?
-16746
In base 11, what is -6 + -a240?
-a246
In base 6, what is 2123214 - 2?
2123212
In base 2, what is -10011011001011101 - 1110?
-10011011001101011
In base 5, what is -114341 - 12?
-114403
In base 15, what is -54 + 221?
1bc
In base 15, what is a888 - 4?
a884
In base 4, what is 130320 - 1313?
123001
In base 16, what is a8c6 - 16?
a8b0
In base 3, what is 1112112 + -20?
1112022
In base 3, what is 12 + -1100102101?
-1100102012
In base 9, what is -43 + 755?
712
In base 11, what is 2a - -196?
215
In base 6, what is 5422 - 2354?
3024
In base 4, what is 10330121 - -232?
10331013
In base 11, what is 29 - -3026?
3054
In base 5, what is -20224232 + -2?
-20224234
In base 15, what is -b79 - -2da?
-88e
In base 3, what is -10 - -201220212?
201220202
In base 7, what is -332 - 14263?
-14625
In base 12, what is a353 + b?
a362
In base 4, what is -1 - 2320301133?
-2320301200
In base 11, what is 1481284 + 0?
1481284
In base 5, what is 11331024 - -3?
11331032
In base 13, what is -1776 + -7b?
-1824
In base 9, what is 252 - 125?
126
In base 6, what is -1220021 + 0?
-1220021
In base 14, what is 451 - 37?
418
In base 14, what is -8 + -68da?
-6904
In base 5, what is -332 + 313222?
312340
In base 15, what is -2807 - -5?
-2802
In base 7, what is 153 + 11412?
11565
In base 2, what is -10101 - -11010010001?
11001111100
In base 4, what is -11 - 22012030?
-22012101
In base 2, what is 10010101011 - -11000101110?
101011011001
In base 12, what is -7 + 35?
2a
In base 4, what is 12 - -11122110?
11122122
In base 12, what is 18b65 - 21?
18b44
In base 4, what is -3 - 20221?
-20230
In base 12, what is 19699 + 5?
196a2
In base 11, what is -28644 - -4?
-28640
In base 5, what is -1 - 244213?
-244214
In base 8, what is 103263 - 4?
103257
In base 5, what is 13 - -2143430?
2143443
In base 12, what is -4 + 196739?
196735
In base 7, what is -454 - 14?
-501
In base 6, what is -242 - 122453?
-123135
In base 11, what is 1 - -571188?
571189
In base 3, what is 0 - -212111001?
212111001
In base 8, what is 7 - -622356?
622365
In base 4, what is -1201202 - 313?
-1202121
In base 2, what is 111100100 + -1011011?
110001001
In base 12, what is -2 + 1a1a?
1a18
In base 8, what is 451 + 1371?
2042
In base 12, what is -578496 + -3?
-578499
In base 9, what is 310 + 5566?
5876
In base 4, what is -232222 + -21?
-232303
In base 6, what is -5 - -2331151?
2331142
In base 8, what is 120 - 620?
-500
In base 14, what is 5 - 2683?
-267c
In base 11, what is 17 - 3744?
-3728
In base 4, what is -13231 + -31322?
-111213
In base 16, what is 4 - -2142?
2146
In base 8, what is 2741 - -46?
3007
In base 14, what is -39a388 - -3?
-39a385
In base 16, what is -e - 32f6?
-3304
In base 3, what is -11 + 1011121101?
1011121020
In base 4, what is 3 - -302333311?
302333320
In base 10, what is 7967 - -54?
8021
In base 2, what is -100010 + -110011011000?
-110011111010
In base 14, what is 416c0 - -4?
416c4
In base 8, what is 653 + -6143?
-5270
In base 9, what is 0 + 28367?
28367
In base 15, what is -9499e - 2?
-949a1
In base 12, what is ab7 - -1a?
b15
In base 8, what is -45726 - 446?
-46374
In base 12, what is 9 + 80?
89
In base 4, what is 1 + -2302213?
-2302212
In base 16, what is 7e8 + -26e?
57a
In base 11, what is 812 - -390?
10a2
In base 5, what is 23101300 - -13?
23101313
In base 16, what is 2 - 4ef2?
-4ef0
In base 5, what is 31021100 + 1?
31021101
In base 16, what is 28f - -19?
2a8
In base 13, what is -376 + -1592?
-1938
In base 4, what is 120310 + 1?
120311
In base 3, what is -22001 - -2201012?
2102011
In base 6, what is 1 - 4055100?
-4055055
In base 15, what is 4cd9 + -1?
4cd8
In base 7, what is 35433 + -10?
35423
In base 14, what is -6c2 + -53?
-735
In base 8, what is 1072570 + -1?
1072567
In base 2, what is -10110010001100111101 + 100?
-10110010001100111001
In base 11, what is 12 - -28a1a?
28a31
In base 5, what is 1 - -112123103?
112123104
In base 5, what is 202 + 10013?
10220
In base 12, what is -207 - -5603?
53b8
In base 15, what is 2 - -5b645?
5b647
In base 6, what is -3331 + 22?
-3305
In base 11, what is -3 - 2374a?
-23752
In base 3, what is -11220 + 1201201?
1112211
In base 5, what is 12 + -2133214?
-2133202
In base 10, what is 633921 - -6?
633927
In base 7, what is -2 + -2644?
-2646
In base 7, what is -64503 - 5?
-64511
In base 4, what is 11 + 10231102?
10231113
In base 12, what is -34 - -192?
15a
In base 2, what is -1001 - 110000000010011?
-110000000011100
In base 7, what is -11 - 322646?
-322660
In base 10, what is -1 + -52647?
-52648
In base 15, what is 31 + b39?
b6a
In base 15, what is -7692 - -1?
-7691
In base 11, what is a9189 + -5?
a9184
In base 11, what is a3 + -131?
-39
In base 12, what is -21 + -189?
-1aa
In base 16, what is -4 - -4eca?
4ec6
In base 14, what is dcb + -27?
da4
In base 13, what is b5 + 7?
bc
In base 2, what is -100110110011 - -100111?
-100110001100
In base 5, what is 142011341 + 1?
142011342
In base 5, what is -1434402 + 2?
-1434400
In base 7, what is 11001 + -2106?
5562
In base 14, what is 8a + 60?
10a
In base 11, what is 695047 + -2?
695045
In base 11, what is -202 - -5a2?
3a0
In base 9, what is -614727 + 5?
-614722
In base 5, what is 1413223 + 2?
1413230
In base 16, what is -10 + -b979?
-b989
In base 5, what is -2412 - -1431?
-431
In base 13, what is -2 + 7748?
7746
In base 5, what is -104 - -1111223?
1111114
In base 14, what is 3